{"id":240,"date":"2026-08-26T12:19:51","date_gmt":"2026-08-26T12:19:51","guid":{"rendered":"https:\/\/www.rotaryyouthexchange.it\/itamd\/?page_id=240"},"modified":"2026-08-26T12:22:18","modified_gmt":"2026-08-26T12:22:18","slug":"anna-brasile-2025","status":"publish","type":"page","link":"https:\/\/www.rotaryyouthexchange.it\/itamd\/anna-brasile-2025\/","title":{"rendered":"Senza paura del nuovo: il volo che mi ha cambiato la vita"},"content":{"rendered":"\n<p class=\"wp-block-paragraph\">Ciao, io sono<strong>\u00a0Anna Borghetti<\/strong>\u00a0e molto probabilmente io e te, dato che sei finito su questa pagina, siamo simili o condividiamo almeno un interesse: quello di viaggiare e scoprire pi\u00f9 cose possibili.<\/p>\n\n\n\n<p class=\"wp-block-paragraph\">Quest\u2019estate ho trascorso due mesi in\u00a0<strong>Brasile<\/strong>, pi\u00f9 precisamente nello stato di Minas Gerais, grazie al programma<a href=\"https:\/\/www.rye2050.org\/lo-scambio-breve-unestate\/\">\u00a0<em>Short Term Family to Family\u00a0<\/em><\/a>del\u00a0<a href=\"https:\/\/www.rotary.org\/it\" target=\"_blank\" rel=\"noopener\">Rotary<\/a>.<br>Sono stata talmente fortunata nella mia vita che questo non \u00e8 stato il mio primo scambio ma bens\u00ec il secondo. Infatti l\u2019anno scorso avevo trascorso altri due mesi in\u00a0<strong>Australia<\/strong>.<\/p>\n\n\n\n<figure class=\"wp-block-image aligncenter is-resized\" style=\"margin-top:var(--wp--preset--spacing--medium);margin-bottom:var(--wp--preset--spacing--medium)\"><img decoding=\"async\" src=\"https:\/\/www.rye2050.org\/rye\/wp-content\/uploads\/2025\/09\/anna-brasile-1-1024x642.jpeg\" alt=\"\" style=\"aspect-ratio:1.5950155763239875;width:1024px;height:auto\"\/><\/figure>\n\n\n\n<p class=\"wp-block-paragraph\">Penso che il fatto che quest\u2019anno io abbia deciso di farne un\u2019 altro renda bene l\u2019idea di quanto quell\u2019esperienza mi sia piaciuta!<br>Certo possiamo dire che il programma sia sempre lo stesso e gestito dalle stesse persone ma ho vissuto un\u2019esperienza completamente diversa in Brasile.<\/p>\n\n\n\n<figure class=\"wp-block-image aligncenter is-resized\" style=\"margin-top:var(--wp--preset--spacing--medium);margin-bottom:var(--wp--preset--spacing--medium)\"><img decoding=\"async\" src=\"https:\/\/www.rye2050.org\/rye\/wp-content\/uploads\/2025\/09\/anna-brasile-2.jpeg\" alt=\"\" style=\"aspect-ratio:1.5300207039337475;width:739px;height:auto\"\/><\/figure>\n\n\n\n<p class=\"wp-block-paragraph\">Quando si pensa all\u2019America Latina si pensa alla musica, la spensieratezza e la samba ma questo \u00e8 solo una piccolissima parte di quello che in realt\u00e0 \u00e8 il Brasile.<br>Ho avuto la fortuna di&nbsp;<strong>creare legami importanti e profondi&nbsp;<\/strong>non solo con le altre persone ma anche con me stessa.<\/p>\n\n\n\n<figure class=\"wp-block-image aligncenter is-resized\" style=\"margin-top:var(--wp--preset--spacing--medium);margin-bottom:var(--wp--preset--spacing--medium)\"><img decoding=\"async\" src=\"https:\/\/www.rye2050.org\/rye\/wp-content\/uploads\/2025\/09\/anna-brasile-3.jpeg\" alt=\"\" style=\"aspect-ratio:1.5205761316872428;width:739px;height:auto\"\/><\/figure>\n\n\n\n<p class=\"wp-block-paragraph\">Sono partita pensando di sapere gi\u00e0 cosa mi aspettasse pi\u00f9 o meno essendo gi\u00e0 partita l\u2019anno prima ma mi sbagliavo; certo&nbsp;<em>l\u2019ansietta&nbsp;<\/em>e la paura di salire su un volo che ti porta lontano da casa e dai tuoi affetti sono le stesse ma stavo andando a scoprire una realt\u00e0 completamente diversa dalla mia!<\/p>\n\n\n\n<p class=\"wp-block-paragraph\">Ci\u00f2 che ho imparato da questa esperienza \u00e8 che non si smette mai di imparare e di guadagnare una consapevolezza sul mondo.<\/p>\n\n\n\n<p class=\"wp-block-paragraph\"><strong>Lo scambio non \u00e8 una vacanza e non \u00e8 tutto semplice nei mesi della tua permanenza, \u00e8 anche paura, incertezza e mancanza di casa ma se fosse tutto rosa e fiori dove sarebbe il bello?<\/strong><\/p>\n\n\n\n<figure class=\"wp-block-image aligncenter is-resized\" style=\"margin-top:var(--wp--preset--spacing--medium);margin-bottom:var(--wp--preset--spacing--medium)\"><img decoding=\"async\" src=\"https:\/\/www.rye2050.org\/rye\/wp-content\/uploads\/2025\/09\/anna-brasile-4.jpeg\" alt=\"\" style=\"aspect-ratio:1.6532438478747205;width:739px;height:auto\"\/><\/figure>\n\n\n\n<p class=\"wp-block-paragraph\">Viviamo le esperienze migliori e impariamo a crescere proprio nei momenti di difficolt\u00e0 quando non \u00e8 tutto scontato.<\/p>\n\n\n\n<p class=\"wp-block-paragraph\">Il Brasile non \u00e8 solo samba, il Brasile pultroppo \u00e8 anche povert\u00e0 e ingiustizia spesso. Sin da quando siamo bambini ci viene detto che ci sono parti del mondo non fortunate come la nostra ma siamo sicuri di averlo capito davvero? Io sinceramente non lo avevo capito del tutto e non mi vergogno ad ammetterlo.<\/p>\n\n\n\n<p class=\"wp-block-paragraph\">&nbsp;La cosa che mi ha fatto pi\u00f9 riflettere \u00e8 che in un paese come quello dove sono stata io, dove apparentemente hanno di meno vivono comunque con il sorriso stampato in faccia e una spendieratezza che io pur vivendo una vita per certi aspetti pi\u00f9 facile non avevo.<\/p>\n\n\n\n<p class=\"wp-block-paragraph\"><em>Siamo sempre preoccupati per qualcosa e quello che abbiamo non \u00e8 mai abbastanza per essere felici del tutto.<\/em><\/p>\n\n\n\n<p class=\"wp-block-paragraph\">Grazie a questa stupenda esperienza posso dire di essere tornata una persona diversa; certo di aspetto posso sembrare uguale ma dentro sono cambiata molto.<br><strong>Ora apprezzo ogni cosa nella mia vita<\/strong>&nbsp;senza dare nulla per scontato e anche quando mi sembra di non avere tutto quello che vorrei riesco a essere felice e grata proprio come le fantastiche persone che me lo hanno insegnato in Brasile.<\/p>\n\n\n\n<figure class=\"wp-block-image aligncenter is-resized\" style=\"margin-top:var(--wp--preset--spacing--medium);margin-bottom:var(--wp--preset--spacing--medium)\"><img decoding=\"async\" src=\"https:\/\/www.rye2050.org\/rye\/wp-content\/uploads\/2025\/09\/anna-brasile-5-1024x768.jpeg\" alt=\"\" style=\"aspect-ratio:1.3333333333333333;width:1024px;height:auto\"\/><\/figure>\n\n\n\n<p class=\"wp-block-paragraph\"><strong><em>Sar\u00f2 sempre grata a me stessa per aver deciso di prendere quel volo e alle persone che hanno reso possibile tutto questo. Non lasciare che la paura del nuovo ti fermi dal vivere questa esperienza perch\u00e9 una volta fatta ti rester\u00e0 per sempre nel cuore.<\/em><\/strong><\/p>\n\n\n\n<p class=\"wp-block-paragraph\"><em><strong>Anna<\/strong><\/em><\/p>\n","protected":false},"excerpt":{"rendered":"<p>Ciao, io sono\u00a0Anna Borghetti\u00a0e molto probabilmente io e te, dato che sei finito su questa pagina, siamo simili o condividiamo almeno un interesse: quello di viaggiare e scoprire pi\u00f9 cose possibili. Quest\u2019estate ho trascorso due mesi in\u00a0Brasile, pi\u00f9 precisamente nello stato di Minas Gerais, grazie al programma\u00a0Short Term Family to Family\u00a0del\u00a0Rotary.Sono stata talmente fortunata nella [&hellip;]<\/p>\n","protected":false},"author":2,"featured_media":0,"parent":0,"menu_order":0,"comment_status":"closed","ping_status":"closed","template":"","meta":{"footnotes":""},"class_list":["post-240","page","type-page","status-publish","hentry"],"_links":{"self":[{"href":"https:\/\/www.rotaryyouthexchange.it\/itamd\/wp-json\/wp\/v2\/pages\/240","targetHints":{"allow":["GET"]}}],"collection":[{"href":"https:\/\/www.rotaryyouthexchange.it\/itamd\/wp-json\/wp\/v2\/pages"}],"about":[{"href":"https:\/\/www.rotaryyouthexchange.it\/itamd\/wp-json\/wp\/v2\/types\/page"}],"author":[{"embeddable":true,"href":"https:\/\/www.rotaryyouthexchange.it\/itamd\/wp-json\/wp\/v2\/users\/2"}],"replies":[{"embeddable":true,"href":"https:\/\/www.rotaryyouthexchange.it\/itamd\/wp-json\/wp\/v2\/comments?post=240"}],"version-history":[{"count":2,"href":"https:\/\/www.rotaryyouthexchange.it\/itamd\/wp-json\/wp\/v2\/pages\/240\/revisions"}],"predecessor-version":[{"id":243,"href":"https:\/\/www.rotaryyouthexchange.it\/itamd\/wp-json\/wp\/v2\/pages\/240\/revisions\/243"}],"wp:attachment":[{"href":"https:\/\/www.rotaryyouthexchange.it\/itamd\/wp-json\/wp\/v2\/media?parent=240"}],"curies":[{"name":"wp","href":"https:\/\/api.w.org\/{rel}","templated":true}]}}

<p class="wp-block-paragraph">Ciao, io sono<strong> Anna Borghetti</strong> e molto probabilmente io e te, dato che sei finito su questa pagina, siamo simili o condividiamo almeno un interesse: quello di viaggiare e scoprire più cose possibili.</p>



<p class="wp-block-paragraph">Quest’estate ho trascorso due mesi in <strong>Brasile</strong>, più precisamente nello stato di Minas Gerais, grazie al programma<a href="https://www.rye2050.org/lo-scambio-breve-unestate/"> <em>Short Term Family to Family </em></a>del <a href="https://www.rotary.org/it" target="_blank" rel="noopener">Rotary</a>.<br>Sono stata talmente fortunata nella mia vita che questo non è stato il mio primo scambio ma bensì il secondo. Infatti l’anno scorso avevo trascorso altri due mesi in <strong>Australia</strong>.</p>



<figure class="wp-block-image aligncenter is-resized" style="margin-top:var(--wp--preset--spacing--medium);margin-bottom:var(--wp--preset--spacing--medium)"><img decoding="async" src="https://www.rye2050.org/rye/wp-content/uploads/2025/09/anna-brasile-1-1024x642.jpeg" alt="" style="aspect-ratio:1.5950155763239875;width:1024px;height:auto"/></figure>



<p class="wp-block-paragraph">Penso che il fatto che quest’anno io abbia deciso di farne un’ altro renda bene l’idea di quanto quell’esperienza mi sia piaciuta!<br>Certo possiamo dire che il programma sia sempre lo stesso e gestito dalle stesse persone ma ho vissuto un’esperienza completamente diversa in Brasile.</p>



<figure class="wp-block-image aligncenter is-resized" style="margin-top:var(--wp--preset--spacing--medium);margin-bottom:var(--wp--preset--spacing--medium)"><img decoding="async" src="https://www.rye2050.org/rye/wp-content/uploads/2025/09/anna-brasile-2.jpeg" alt="" style="aspect-ratio:1.5300207039337475;width:739px;height:auto"/></figure>



<p class="wp-block-paragraph">Quando si pensa all’America Latina si pensa alla musica, la spensieratezza e la samba ma questo è solo una piccolissima parte di quello che in realtà è il Brasile.<br>Ho avuto la fortuna di&nbsp;<strong>creare legami importanti e profondi&nbsp;</strong>non solo con le altre persone ma anche con me stessa.</p>



<figure class="wp-block-image aligncenter is-resized" style="margin-top:var(--wp--preset--spacing--medium);margin-bottom:var(--wp--preset--spacing--medium)"><img decoding="async" src="https://www.rye2050.org/rye/wp-content/uploads/2025/09/anna-brasile-3.jpeg" alt="" style="aspect-ratio:1.5205761316872428;width:739px;height:auto"/></figure>



<p class="wp-block-paragraph">Sono partita pensando di sapere già cosa mi aspettasse più o meno essendo già partita l’anno prima ma mi sbagliavo; certo&nbsp;<em>l’ansietta&nbsp;</em>e la paura di salire su un volo che ti porta lontano da casa e dai tuoi affetti sono le stesse ma stavo andando a scoprire una realtà completamente diversa dalla mia!</p>



<p class="wp-block-paragraph">Ciò che ho imparato da questa esperienza è che non si smette mai di imparare e di guadagnare una consapevolezza sul mondo.</p>



<p class="wp-block-paragraph"><strong>Lo scambio non è una vacanza e non è tutto semplice nei mesi della tua permanenza, è anche paura, incertezza e mancanza di casa ma se fosse tutto rosa e fiori dove sarebbe il bello?</strong></p>



<figure class="wp-block-image aligncenter is-resized" style="margin-top:var(--wp--preset--spacing--medium);margin-bottom:var(--wp--preset--spacing--medium)"><img decoding="async" src="https://www.rye2050.org/rye/wp-content/uploads/2025/09/anna-brasile-4.jpeg" alt="" style="aspect-ratio:1.6532438478747205;width:739px;height:auto"/></figure>



<p class="wp-block-paragraph">Viviamo le esperienze migliori e impariamo a crescere proprio nei momenti di difficoltà quando non è tutto scontato.</p>



<p class="wp-block-paragraph">Il Brasile non è solo samba, il Brasile pultroppo è anche povertà e ingiustizia spesso. Sin da quando siamo bambini ci viene detto che ci sono parti del mondo non fortunate come la nostra ma siamo sicuri di averlo capito davvero? Io sinceramente non lo avevo capito del tutto e non mi vergogno ad ammetterlo.</p>



<p class="wp-block-paragraph">&nbsp;La cosa che mi ha fatto più riflettere è che in un paese come quello dove sono stata io, dove apparentemente hanno di meno vivono comunque con il sorriso stampato in faccia e una spendieratezza che io pur vivendo una vita per certi aspetti più facile non avevo.</p>



<p class="wp-block-paragraph"><em>Siamo sempre preoccupati per qualcosa e quello che abbiamo non è mai abbastanza per essere felici del tutto.</em></p>



<p class="wp-block-paragraph">Grazie a questa stupenda esperienza posso dire di essere tornata una persona diversa; certo di aspetto posso sembrare uguale ma dentro sono cambiata molto.<br><strong>Ora apprezzo ogni cosa nella mia vita</strong>&nbsp;senza dare nulla per scontato e anche quando mi sembra di non avere tutto quello che vorrei riesco a essere felice e grata proprio come le fantastiche persone che me lo hanno insegnato in Brasile.</p>



<figure class="wp-block-image aligncenter is-resized" style="margin-top:var(--wp--preset--spacing--medium);margin-bottom:var(--wp--preset--spacing--medium)"><img decoding="async" src="https://www.rye2050.org/rye/wp-content/uploads/2025/09/anna-brasile-5-1024x768.jpeg" alt="" style="aspect-ratio:1.3333333333333333;width:1024px;height:auto"/></figure>



<p class="wp-block-paragraph"><strong><em>Sarò sempre grata a me stessa per aver deciso di prendere quel volo e alle persone che hanno reso possibile tutto questo. Non lasciare che la paura del nuovo ti fermi dal vivere questa esperienza perché una volta fatta ti resterà per sempre nel cuore.</em></strong></p>



<p class="wp-block-paragraph"><em><strong>Anna</strong></em></p>

<p>Ciao, io sono Anna Borghetti e molto probabilmente io e te, dato che sei finito su questa pagina, siamo simili o condividiamo almeno un interesse: quello di viaggiare e scoprire più cose possibili. Quest’estate ho trascorso due mesi in Brasile, più precisamente nello stato di Minas Gerais, grazie al programma Short Term Family to Family del Rotary.Sono stata talmente fortunata nella [&hellip;]</p>
